e 9*h - 17105 = 13396. Is h a composite number?
False
Suppose 0*k - 2*s = 3*k - 82, 5*s = -5*k + 135. Suppose 0 = 2*y + 2*y - k. Suppose -4*i = -5*d + 197, 154 = y*d - 3*d - 2*i. Is d a prime number?
True
Let q be (-20)/(-90) + (-436)/18. Let u = q - -194. Suppose -130 = -g - 5*y, 0*y = -g + 3*y + u. Is g composite?
True
Is ((-103692)/(-18))/(-1 - (-25)/15) composite?
False
Let o(s) = s**2 + 10*s + 23. Is o(24) a prime number?
True
Let f(b) = 2*b - 289. Let t(i) = -i + 290. Suppose 6*g = g + 20. Let w(l) = g*t(l) + 3*f(l). Is w(0) a prime number?
True
Let t(m) be the third derivative of -4*m**2 + 1/12*m**5 + 7/24*m**4 + 1/2*m**3 + 0*m + 0. Is t(-7) prime?
True
Suppose -4*v = -2*v + 5*x + 1, -v + 7 = 5*x. Let w be (-6)/(-4) - 12/v. Suppose w*u - 318 = u. Is u composite?
True
Let t = 2 - -6. Suppose 5*n - 12 = t. Suppose 0 = n*i - 120 - 156. Is i composite?
True
Let v = 2 + 1. Suppose 5*q - 4786 = -5*n + 3*q, 0 = 5*n - 3*q - 4796. Suppose -v*g + g = -n. Is g a composite number?
False
Suppose -5*u = -4*u - 214. Let q = 265 + u. Is q composite?
False
Let c(i) = -486*i**2 - 6*i - 8. Let q(j) = 485*j**2 + 6*j + 9. Let o(h) = -4*c(h) - 3*q(h). Is o(-2) a prime number?
True
Suppose 3*u = -h - 1256 - 214, 0 = 3*u - 2*h + 1479. Let w = 692 + u. Is w a prime number?
False
Let o(c) = -13*c - 196. Is o(-35) prime?
False
Suppose 4*s = 5*s - 1, 2*y = -5*s + 15. Suppose -12 = y*h - 2*h. Is h/18 - (-2621)/9 a prime number?
False
Let b(t) = t**3 + 16*t**2 - 172*t + 63. Is b(38) prime?
True
Let d(x) = -x**3 - 5*x**2 - 4*x - 9. Let n(g) = -g**2 + 10*g - 6. Let s be n(10). Is d(s) a composite number?
True
Let z(v) = 59*v + 4. Let p(f) be the third derivative of -f**4/24 + 4*f**2. Let u(i) = -2*p(i) + z(i). Is u(3) composite?
True
Let w = -15188 - -38305. Is w a prime number?
True
Let v(p) = 11*p + 331. Is v(0) a composite number?
False
Suppose -28*r + 33*r = 25. Suppose 5*m - 7 - 3 = 0. Suppose 5 = r*s - l + 6*l, m*l - 8 = -4*s. Is s prime?
True
Let m be (1/1)/(0 + 1) - -226. Let f = m - 100. Is f a composite number?
False
Let y(f) = -f**3 - 6*f**2 + f + 8. Let q be y(-6). Let t be ((-5)/(-10) - (-6)/(-4))*-4. Suppose 0 = -5*w - 9 - 1, -t*l = -q*w - 1512. Is l composite?
True
Suppose 3*k = 3*a + 2511, 1682 = 2*k - 3*a + 5*a. Is k composite?
False
Let c = -2642 + 3811. Let o = 792 + c. Is o composite?
True
Let m be (16/40)/(4/(-15))*186. Let q = 170 - m. Is q prime?
True
Suppose -13 = -n - 3*x + 4, 5*x - 35 = -5*n. Let g = 1 - 1. Suppose n*b - 2*q + 7*q - 82 = g, -3*q - 81 = -3*b. Is b a composite number?
False
Suppose 0 = -i - i - 4, -5*i = 5*o. Let m be 28/8 - o/(-4). Suppose -m*p = -5*v + 1511, -p + 4*p = -12. Is v prime?
False
Suppose -187288 - 156999 = -23*q. Is q a composite number?
False
Suppose 0 = 3*f - 209 - 706. Let m = f - 187. Suppose 12 = -2*i + m. Is i a composite number?
False
Let t(j) = -2*j - 1. Let o be t(-2). Suppose -6*d + o*d = 0. Suppose 2*f - 4 = -0, 5*c - 2*f - 481 = d. Is c prime?
True
Suppose -16139 = -s - 4*a, -5*s + 3*a + 112381 - 31755 = 0. Is s a composite number?
False
Suppose 0 = -p + 3, p = -7*l + 8*l + 1. Suppose -l*j + 5471 = y, 3*j + 9192 = 4*y - 12692. Is y composite?
False
Is (-2)/(-4)*(8135 + -37) a composite number?
False
Suppose -3*o = -v + 2, -v + 5*v + 8 = 4*o. Is (-8 + 3318)*(2 - (-6)/v) a composite number?
True
Let x(g) = -3*g + 23. Let u be x(7). Is u/(9/((-43074)/(-4))) a prime number?
True
Suppose 3*r = 6*r + 6, o - 167 = 4*r. Suppose 4*u + 5*n - 625 = o, -5*n - 744 = -4*u. Is u composite?
False
Let x = 23 - 18. Suppose 12207 = -x*s - 23018. Is s/(-15) - (-4)/(-6) prime?
False
Let d be 0 - (-11)/(44/(-48)). Let t = d - -11. Is (-155)/t - 4/(-2) a composite number?
False
Suppose -5*l = -5*o - 6880, -o + 1181 + 199 = l. Suppose -5*w = -7*w + l. Is w a prime number?
False
Suppose -3*c + 4*t = -13 - 10, t + 22 = 4*c. Let a(w) = c*w**2 + 2 - 2*w**2 - 6*w - 1 + 4*w. Is a(-6) a composite number?
True
Suppose 10 - 2 = 2*a, -i + 4*a = -2980. Let r = -545 - -552. Suppose r*t + i = 11*t. Is t a composite number?
True
Suppose -q + 3*d + 1818 = 0, q + 3*d - 3600 = -q. Let y = q - 547. Is y a prime number?
True
Let w = -920 + 1833. Suppose g = w + 984. Is g a composite number?
True
Let u be 12/(-16) - 1025/4. Let f = 1028 + u. Is f a composite number?
True
Suppose -29 = -5*l - 9, 2*l = -2*k + 16. Suppose -m + 5*t = 3*t + 7, 0 = -3*m + k*t - 17. Is (m - -6)*(-201)/(-9) a composite number?
False
Is (-8)/(-6 + 10) - -6735 composite?
False
Let s(o) = -2*o**2 + 51*o - 25. Let u be s(25). Suppose 0 = 3*y + 4*n - 1187, n = -4 - u. Is y composite?
False
Let p(d) = 15012*d - 43. Is p(1) prime?
True
Let o(y) = -y**3 + 10*y**2 + 3*y - 21. Let s be o(10). Suppose s*z = 26*z - 7922. Is z a composite number?
True
Suppose 4*p = 5*m - 0*m + 46364, 0 = 3*p - 3. Let b = m + 13589. Is b a composite number?
True
Suppose 125*o - 120*o + g - 200431 = 0, -3*g - 200447 = -5*o. Is o a prime number?
True
Suppose 5*u - 5*g = -0*g + 30, 2*u - 16 = 4*g. Suppose 5 = 3*s - u. Is (-120)/18*s/(-2) prime?
False
Suppose -2*h - c + 4319 = 0, 3*h - 9573 + 3099 = 3*c. Is h prime?
False
Suppose 0 = 10*f - 15*f + 65. Is f a prime number?
True
Let c be (-1)/((4/6 - 1)*1). Suppose -4095 = -0*h - 3*h + c*r, -2736 = -2*h + 5*r. Is h composite?
True
Let g(r) = 38299*r**3 - r**2 + 2*r - 1. Is g(1) a prime number?
True
Suppose -2*b + 157 = 5*i - 38, -3*i = -2*b + 235. Suppose 4*z - 5*z = 55. Let f = z + b. Is f prime?
False
Suppose -15*c + 17736 = 9*c. Is c prime?
True
Let s = 223 - -2663. Suppose -s + 7194 = 4*z. Suppose -5*l - 152 = -z. Is l a prime number?
False
Suppose 391527 = 36*x - 9*x. Is x prime?
False
Suppose -n = 4*h - 23769, 3*h + 2*n = 7*n + 17821. Is h prime?
False
Let r(w) = -1186*w + 8. Let u(p) = -1185*p + 8. Let g(x) = 2*r(x) - 3*u(x). Is g(3) a prime number?
True
Let p(l) = 29*l**2 + 17*l + 19. Is p(20) prime?
True
Suppose 4*s + 3*g = 3*s + 17, -5*s - 2*g + 20 = 0. Suppose 4*t - 7 = 5. Suppose -117 = -2*z + d, z = s*z - t*d - 66. Is z prime?
False
Suppose 14*k - 11*k = 0. Let v(a) = 2*a + 29. Let l be v(k). Let p = 68 + l. Is p a composite number?
False
Let w(a) = -542*a**2 - 2*a + 3. Let f be w(1). Let l = 950 + f. Is l prime?
True
Suppose -19*l - 10*l + 367981 = 0. Is l a composite number?
False
Let x(d) = -8*d**2 + 5*d + 9. Let h be x(8). Let l = -137 - h. Is l prime?
False
Let y = -3555 + 6634. Is y prime?
True
Let y be (0*4/(-12))/(-3). Suppose y = -4*u + 2*p + 622, 2*u - 2*p = -4*p + 320. Is u a prime number?
True
Suppose 2*g = -5*g + 28. Suppose 10 = -3*r + 5*r, 5*w = -g*r + 295. Is w composite?
True
Let n(x) be the third derivative of 1/60*x**5 + 0*x + 1/3*x**4 + x**2 + 3/2*x**3 + 0. Is n(-7) a prime number?
True
Suppose 0 = -7*u + 6*u - 4. Is (1 - u/(-16)) + 530/8 prime?
True
Let j = -59 - -50. Is (-6)/j + 1713/9 a composite number?
False
Is (26018/7)/(14/49) composite?
False
Suppose -4*x + 8 = 0, 2*w + 40 = -2*w - 4*x. Let p be 4/(-8)*w/2. Suppose p*h + j = 88, 5*h + 3*j = h + 109. Is h composite?
False
Suppose -74972 = x - 5*x. Is x a prime number?
True
Let d(h) = h + 15. Let k(r) = -r - 16. Let c(g) = 5*d(g) + 4*k(g). Let q be c(-7). Suppose 5*m + q*f = 779, -m = -f + 5*f - 143. Is m prime?
False
Suppose 142*o = 144*o - 22766. Is o prime?
True
Suppose x = -f + 17444, f + 4*x - 17419 = 8*x. Is f a prime number?
False
Let w(p) = -p**3 + 15*p**2 - 4*p - 17. Let h = -25 - -27. Suppose -h*b + 26 = -2. Is w(b) composite?
True
Let u = -50 + 50. Suppose u = -3*i + 7 + 2, 3*y = 5*i + 4362. Is y a prime number?
True
Let z(p) = -10*p + 9. Let g = 8 + -15. Let n be (5 - 7)*g/(-2). Is z(n) a composite number?
False
Let q = 207 - -151. Is q a prime number?
False
Let h be (-1 + 0)/(2/(-218)). Suppose 3*v + 2 = -h. Let y = 116 + v. Is y a composite number?
False
Let g(q) be the first derivative of 147*q**2 + q - 13. Is g(1) a prime number?
False
Let s = 1323 + -684. Suppose 2*n = -n + 924. Let l = s - n. Is l composite?
False
Let g = -174 - -3115. Is g prime?
False
Let n(d) = 2*d**3 - 7*d**2 - 4*d - 6. Let t be n(6). Let g(m) = -m**3 + 13*m**2 + 33*m + 36. Let h be g(15). Let r = t - h. Is r a composite number?
True
Is (-21 - 1690)/(-1*1) composite?
True
Let h(y) = 1907*y - 55. Is h(4) a prime number?
True
Let o(p) = 47*p**3 + 4*p**2 - 5*p. Let b be o(4). S